{"id":63,"date":"2020-01-15T19:38:59","date_gmt":"2020-01-15T18:38:59","guid":{"rendered":"http:\/\/sebastientaillard.com\/?page_id=63"},"modified":"2025-10-02T16:44:06","modified_gmt":"2025-10-02T14:44:06","slug":"biographie","status":"publish","type":"page","link":"https:\/\/sebastientaillard.com\/","title":{"rendered":"Biographie"},"content":{"rendered":"\t\t<div data-elementor-type=\"wp-page\" data-elementor-id=\"63\" class=\"elementor elementor-63\">\n\t\t\t\t\t\t<div class=\"elementor-inner\">\n\t\t\t\t<div class=\"elementor-section-wrap\">\n\t\t\t\t\t\t\t\t\t<section class=\"elementor-section elementor-top-section elementor-element elementor-element-7f183cc6 elementor-section-boxed elementor-section-height-default elementor-section-height-default\" data-id=\"7f183cc6\" data-element_type=\"section\">\n\t\t\t\t\t\t<div class=\"elementor-container elementor-column-gap-default\">\n\t\t\t\t\t\t\t<div class=\"elementor-row\">\n\t\t\t\t\t<div class=\"elementor-column elementor-col-100 elementor-top-column elementor-element elementor-element-56b81535\" data-id=\"56b81535\" data-element_type=\"column\">\n\t\t\t<div class=\"elementor-column-wrap elementor-element-populated\">\n\t\t\t\t\t\t\t<div class=\"elementor-widget-wrap\">\n\t\t\t\t\t\t<div class=\"elementor-element elementor-element-17584e1a elementor-widget elementor-widget-text-editor\" data-id=\"17584e1a\" data-element_type=\"widget\" data-widget_type=\"text-editor.default\">\n\t\t\t\t<div class=\"elementor-widget-container\">\n\t\t\t\t\t\t\t\t<div class=\"elementor-text-editor elementor-clearfix\">\n\t\t\t\t<p style=\"text-align: left;\">Percussionniste passionn\u00e9 par l&#8217;orchestre, S\u00e9bastien Taillard multiplie les exp\u00e9riences de direction d&#8217;ensembles \u00e0 partir de 2012, et a la chance de se former aupr\u00e8s d&#8217;orchestres fran\u00e7ais et \u00e9trangers, tels que le Gstaad Festival Orchestra, l&#8217;Orchestre National de Metz, l&#8217;Orchestre des Pays de Savoie, le Moravian Philharmonic Orchestra, le North Czech Philharmonic, le Georges Enescu Philharmonic Orchestra&#8230; Ces derni\u00e8res ann\u00e9es lui offrent la chance d&#8217;approfondir son exp\u00e9rience dans le r\u00e9pertoire lyrique, qu&#8217;il affectionne particuli\u00e8rement, notamment en collaborant avec l&#8217;op\u00e9ra de Rennes.\u00a0<\/p>\n<p style=\"text-align: left;\">La p\u00e9dagogie faisant partie int\u00e9grante de son activit\u00e9 artistique, S\u00e9bastien est titulaire de deux Dipl\u00f4mes d&#8217;Etat et du Certificat d&#8217;Aptitude. Professeur d&#8217;enseignement artistique au CRR de Nantes, o\u00f9 il enseigne la direction d&#8217;orchestre, il intervient \u00e9galement au Pont Sup\u00e9rieur Bretagne Pays de Loire, et travaille r\u00e9guli\u00e8rement aupr\u00e8s d&#8217;orchestres de jeunes. Il a ainsi \u00e9t\u00e9 directeur musical de l&#8217;Orchestre Sorbonne Universit\u00e9 de 2016 \u00e0 2020, et travaille r\u00e9guli\u00e8rement avec l&#8217;Orchestre des \u00e9tudiants du CRR de Nantes.\u00a0<span style=\"color: var( --e-global-color-text ); font-family: var( --e-global-typography-text-font-family ), Sans-serif; font-weight: var( --e-global-typography-text-font-weight ); font-size: 1rem;\">Investi dans les \u00e9changes avec les publics \u00e9loign\u00e9s de la vie culturelle, il est depuis 2022 directeur artistique du Labop\u00e9ra Bretagne.\u00a0 \u00a0<\/span><\/p>\n<p style=\"text-align: left;\">S\u00e9bastien a r\u00e9alis\u00e9 sa formation au P\u00f4le Sup\u00e9rieur Paris Boulogne-Billancourt (PSPBB), au Conservatoire National Sup\u00e9rieur de Musique de Paris (CNSMDP), et \u00e0 la Haute \u00c9cole de Musique de Gen\u00e8ve (HEM-GE). Form\u00e9 aupr\u00e8s de Nicolas Brochot et Laurent Gay pour la direction d&#8217;orchestre, et de Anne Constantin et Celso Antunes pour la technique vocale et direction de choeur, il a en outre pu b\u00e9n\u00e9ficier des conseils de chefs avec lesquels il a travaill\u00e9, tels que David Reiland, Johannes Schlaefli, Pierre Cao, Philippe Ferro, Laurent Goossaert, Olari Elts, Philippe Jordan ou encore Manfred Honeck.\u00a0<\/p>\n<p style=\"text-align: left;\">\u00a0<\/p>\n<p><!-- \/wp:paragraph --><\/p>\t\t\t\t\t<\/div>\n\t\t\t\t\t\t<\/div>\n\t\t\t\t<\/div>\n\t\t\t\t\t\t<\/div>\n\t\t\t\t\t<\/div>\n\t\t<\/div>\n\t\t\t\t\t\t\t\t<\/div>\n\t\t\t\t\t<\/div>\n\t\t<\/section>\n\t\t\t\t<section class=\"elementor-section elementor-top-section elementor-element elementor-element-1022b95 elementor-section-boxed elementor-section-height-default elementor-section-height-default\" data-id=\"1022b95\" data-element_type=\"section\">\n\t\t\t\t\t\t<div class=\"elementor-container elementor-column-gap-default\">\n\t\t\t\t\t\t\t<div class=\"elementor-row\">\n\t\t\t\t\t<div class=\"elementor-column elementor-col-100 elementor-top-column elementor-element elementor-element-9d6f291\" data-id=\"9d6f291\" data-element_type=\"column\">\n\t\t\t<div class=\"elementor-column-wrap elementor-element-populated\">\n\t\t\t\t\t\t\t<div class=\"elementor-widget-wrap\">\n\t\t\t\t\t\t<div class=\"elementor-element elementor-element-b427409 elementor-widget elementor-widget-image\" data-id=\"b427409\" data-element_type=\"widget\" data-widget_type=\"image.default\">\n\t\t\t\t<div class=\"elementor-widget-container\">\n\t\t\t\t\t\t\t\t<div class=\"elementor-image\">\n\t\t\t\t\t\t\t\t\t\t\t\t<img loading=\"lazy\" decoding=\"async\" width=\"525\" height=\"787\" src=\"https:\/\/sebastientaillard.com\/wp-content\/uploads\/2024\/07\/cropped-6A7A4673-scaled-1-683x1024.jpg\" class=\"attachment-large size-large wp-image-362\" alt=\"\" srcset=\"https:\/\/sebastientaillard.com\/wp-content\/uploads\/2024\/07\/cropped-6A7A4673-scaled-1-683x1024.jpg 683w, https:\/\/sebastientaillard.com\/wp-content\/uploads\/2024\/07\/cropped-6A7A4673-scaled-1-200x300.jpg 200w, https:\/\/sebastientaillard.com\/wp-content\/uploads\/2024\/07\/cropped-6A7A4673-scaled-1-768x1152.jpg 768w, https:\/\/sebastientaillard.com\/wp-content\/uploads\/2024\/07\/cropped-6A7A4673-scaled-1-1024x1536.jpg 1024w, https:\/\/sebastientaillard.com\/wp-content\/uploads\/2024\/07\/cropped-6A7A4673-scaled-1-1366x2048.jpg 1366w, https:\/\/sebastientaillard.com\/wp-content\/uploads\/2024\/07\/cropped-6A7A4673-scaled-1-scaled.jpg 1707w\" sizes=\"auto, 100vw\" \/>\t\t\t\t\t\t\t\t\t\t\t\t\t\t<\/div>\n\t\t\t\t\t\t<\/div>\n\t\t\t\t<\/div>\n\t\t\t\t\t\t<\/div>\n\t\t\t\t\t<\/div>\n\t\t<\/div>\n\t\t\t\t\t\t\t\t<\/div>\n\t\t\t\t\t<\/div>\n\t\t<\/section>\n\t\t\t\t<section class=\"elementor-section elementor-top-section elementor-element elementor-element-485ca43 elementor-section-boxed elementor-section-height-default elementor-section-height-default\" data-id=\"485ca43\" data-element_type=\"section\">\n\t\t\t\t\t\t<div class=\"elementor-container elementor-column-gap-default\">\n\t\t\t\t\t\t\t<div class=\"elementor-row\">\n\t\t\t\t\t<div class=\"elementor-column elementor-col-100 elementor-top-column elementor-element elementor-element-20289a9\" data-id=\"20289a9\" data-element_type=\"column\">\n\t\t\t<div class=\"elementor-column-wrap elementor-element-populated\">\n\t\t\t\t\t\t\t<div class=\"elementor-widget-wrap\">\n\t\t\t\t\t\t<div class=\"elementor-element elementor-element-faa0052 elementor-widget elementor-widget-text-editor\" data-id=\"faa0052\" data-element_type=\"widget\" data-widget_type=\"text-editor.default\">\n\t\t\t\t<div class=\"elementor-widget-container\">\n\t\t\t\t\t\t\t\t<div class=\"elementor-text-editor elementor-clearfix\">\n\t\t\t\t<p>Photographies : Laurent Guizard<\/p>\t\t\t\t\t<\/div>\n\t\t\t\t\t\t<\/div>\n\t\t\t\t<\/div>\n\t\t\t\t\t\t<\/div>\n\t\t\t\t\t<\/div>\n\t\t<\/div>\n\t\t\t\t\t\t\t\t<\/div>\n\t\t\t\t\t<\/div>\n\t\t<\/section>\n\t\t\t\t\t\t\t\t\t<\/div>\n\t\t\t<\/div>\n\t\t\t\t\t<\/div>\n\t\t","protected":false},"excerpt":{"rendered":"<p>Percussionniste passionn\u00e9 par l&#8217;orchestre, S\u00e9bastien Taillard multiplie les exp\u00e9riences de direction d&#8217;ensembles \u00e0 partir de 2012, et a la chance de se former aupr\u00e8s d&#8217;orchestres fran\u00e7ais et \u00e9trangers, tels que le Gstaad Festival Orchestra, l&#8217;Orchestre National de Metz, l&#8217;Orchestre des Pays de Savoie, le Moravian Philharmonic Orchestra, le North Czech Philharmonic, le Georges Enescu Philharmonic &hellip; <\/p>\n<p class=\"link-more\"><a href=\"https:\/\/sebastientaillard.com\/\" class=\"more-link\">Continue reading<span class=\"screen-reader-text\"> &#8220;Biographie&#8221;<\/span><\/a><\/p>\n","protected":false},"author":1,"featured_media":0,"parent":0,"menu_order":0,"comment_status":"closed","ping_status":"closed","template":"","meta":{"footnotes":""},"class_list":["post-63","page","type-page","status-publish","hentry"],"_links":{"self":[{"href":"https:\/\/sebastientaillard.com\/index.php\/wp-json\/wp\/v2\/pages\/63","targetHints":{"allow":["GET"]}}],"collection":[{"href":"https:\/\/sebastientaillard.com\/index.php\/wp-json\/wp\/v2\/pages"}],"about":[{"href":"https:\/\/sebastientaillard.com\/index.php\/wp-json\/wp\/v2\/types\/page"}],"author":[{"embeddable":true,"href":"https:\/\/sebastientaillard.com\/index.php\/wp-json\/wp\/v2\/users\/1"}],"replies":[{"embeddable":true,"href":"https:\/\/sebastientaillard.com\/index.php\/wp-json\/wp\/v2\/comments?post=63"}],"version-history":[{"count":35,"href":"https:\/\/sebastientaillard.com\/index.php\/wp-json\/wp\/v2\/pages\/63\/revisions"}],"predecessor-version":[{"id":385,"href":"https:\/\/sebastientaillard.com\/index.php\/wp-json\/wp\/v2\/pages\/63\/revisions\/385"}],"wp:attachment":[{"href":"https:\/\/sebastientaillard.com\/index.php\/wp-json\/wp\/v2\/media?parent=63"}],"curies":[{"name":"wp","href":"https:\/\/api.w.org\/{rel}","templated":true}]}}